 2. Let x be 0/(-2)*3/6. Suppose -o + 9 = -x*o + 5*m, 0 = -o - 4*m + 8. Suppose 22 = 3*k - o*j, -2*k = 2*k - 4*j - 24. What is l(k)?
6
Suppose 7*x - 14 = 63. Let d(h) = 5 + h**3 + 7 + 4 - 4*h**2 - x - 3*h. Calculate d(4).
-7
Let p(x) be the second derivative of x**5/20 + 5*x**4/12 - x**3/3 - x**2/2 + 109*x. Give p(-4).
23
Let i(z) be the third derivative of -z**5/30 + z**4/24 - 2*z**3/3 - 3*z**2 + 25*z. Determine i(3).
-19
Let i(d) = -17*d**2 + 0*d**3 + 25*d**2 + 7 - 8*d - d - d**3. Calculate i(7).
-7
Let u(b) = -4. Let p(c) = 1. Let r(d) = 9*p(d) + 2*u(d). Let a(i) = -i + 4. Let k(g) = a(g) - 3*r(g). Suppose 0 = -5*j - 4*j + 36. What is k(j)?
-3
Let p(u) = -u**2 + 6*u. Let o(b) = b**2 - 7*b - 11. Let d be o(-2). What is p(d)?
-7
Let m(j) = 685 - 1371 + 2*j + 689. Determine m(-4).
-5
Let i(v) be the second derivative of -5*v**3/6 - 11*v**2/2 + 126*v - 1. Determine i(-8).
29
Let m(s) = -s**3 + 0*s + 0*s**2 - s**2 - 1 + s. Suppose 123 = x - 4*x. Let q = x + 39. What is m(q)?
1
Let d = -6 + -1. Let x(z) = -2*z**2 - 16*z - 5. What is x(d)?
9
Let y(i) = -6*i + 3. Let o = 396 - 398. Give y(o).
15
Let f(q) = -q + 4. Let t(m) = m - 3. Let g(a) = 5*f(a) + 6*t(a). Let v(s) = s**3 - 2*s**2 - 3*s - 3. Let u be v(3). Determine g(u).
-1
Let i(y) = -y**3 - 5*y**2 + 1. Suppose 4*q - 51 = 3*g, 0 = -6*g + 2*g - 4. Suppose -2 = -t - 5*f, -8 - q = -t + f. Suppose -3*w - t = -11. What is i(w)?
-11
Let z(t) = 9*t + 2. Let i = 254 + -255. Calculate z(i).
-7
Suppose 0 = 397*d - 339*d. Let c(x) = 0*x - 5 - 2*x + 3*x. Determine c(d).
-5
Let i(o) be the third derivative of o**8/20160 + o**6/240 - 2*o**5/15 - 10*o**2. Let j(g) be the third derivative of i(g). Give j(-3).
12
Let c(f) be the third derivative of f**5/60 - 3*f**4/8 + 7*f**3/6 + 4*f**2. Let h = 36 + -31. Suppose 4*q + 0*m - 17 = 5*m, -47 = -4*q - h*m. Determine c(q).
-1
Suppose 0*z + 5 = z. Suppose -r - o = -3*o - z, -5*r - 15 = -2*o. Let x(f) = -2*f**2 - 227*f**3 + 226*f**3 - 2*f**2 - 3 + 7*f + 8. Calculate x(r).
-5
Let t(s) = 33*s. Let p be t(0). Let b(l) = l**3 + l**2 + l + 37. What is b(p)?
37
Let f(h) = -h**3 - 5*h**2 - 2*h - 1. Suppose 0 = -3*c - 4 - 2. Let k be (-38)/14 + c/7. Give f(k).
-13
Suppose 0 = 3*z - 3. Let w(c) = c**2 - c. Let d(x) = 5*x + 3. Let j(y) = z*d(y) + 3*w(y). Calculate j(-2).
11
Let t(k) = 0*k**3 + 17380*k**2 - k**3 - 5 - k - 17391*k**2. Determine t(-11).
6
Let t = -208 - -202. Let a(o) = o + 14. Give a(t).
8
Let l(o) = 37 - 2*o**2 - 37. Suppose -30 + 36 = -3*g. Determine l(g).
-8
Let t(v) = v - 1. Let h(g) = 6*g**2 + 8*g + 11. Let i(b) = -5*b**2 - 8*b - 12. Let s(r) = 6*h(r) + 7*i(r). Let l be s(10). Suppose l*f + 2 = -4. Give t(f).
-4
Let j(c) = 4*c + 3. Suppose -4*s = x - 2*s - 1, 2*s = 3*x - 11. Let n(l) = -9*l - 6. Let b = 18 + -11. Let f(p) = b*j(p) + x*n(p). Calculate f(3).
6
Let q(g) = -7*g**3 - g**2 + 2*g - 6. Let l(m) = -6*m**3 + 3*m - 6. Let s(u) = -6*l(u) + 5*q(u). Suppose 2*p = -0 + 12. What is s(p)?
-6
Let l be 0 - 6/4*8/(-3). Let y(a) = -11*a - 1. Calculate y(l).
-45
Let m(u) = u**3 + 5*u**2 + 10. Let s be m(-5). Suppose s*d = 8*d - 8. Let a(j) = j**2 + 3*j + 1. What is a(d)?
5
Suppose 0 = -4*n - 12, -n = -2*u - 3*n + 4. Suppose -4*o + 0*q - 20 = 2*q, -o - 2*q - u = 0. Let l(r) = -r**3 - 6*r**2 - 3*r. Calculate l(o).
-10
Let s be 1*(8 + (-2)/(-2)). Let j(f) be the second derivative of f**4/12 - 5*f**3/3 + 11*f**2/2 + 64*f. What is j(s)?
2
Suppose -11*u + 40 = -3*u. Suppose -4 = 5*k + 3*n - 14, 2*k + 2*n - 4 = 0. Let s(f) = -k*f - f**2 - 6 + 9*f + 0*f. Determine s(u).
4
Let i be 100/28 - (-6)/14. Let p(w) = -2*w - i - 2 - 2*w**3 - 3*w**2 - 9 + 14. Calculate p(-2).
7
Suppose -3*z + 8 = -16. Let x be (-22)/(-4) - 4/z. Let g be (-2)/4*4 + x. Let j(f) = -f**3 + 3*f**2 + 2. Calculate j(g).
2
Let c(l) = -4*l**3 - l + 5*l**3 - 4*l**2 - 7*l - l**2. Let a = 252 + -380. Let x be (-4)/(-6) - a/24. Determine c(x).
-12
Let i(p) = -p - 4. Let w = -1 + 29. Suppose 0 = -7*x - 14 - w. Give i(x).
2
Let d(f) = 4*f**3 + 21*f**2 + 36*f + 21. Let m(t) = -t**3 - 7*t**2 - 12*t - 7. Let s(g) = -2*d(g) - 7*m(g). Give s(9).
-47
Let t(n) = -13*n**2 + 29*n**2 + 1 - 2*n**2 + 3*n**2. What is t(-1)?
18
Let n(s) be the third derivative of -s**6/120 - s**5/12 + s**3/3 - 43*s**2. Let z = -9 + 4. What is n(z)?
2
Let k(h) = -h - 7. Let x(y) = y**2 + 5*y - 16. Let s be x(-7). Let l be 0/((-4)/s - (9 + -8)). Calculate k(l).
-7
Let x(f) = f**3 + f**2 - f - 6. Let c(d) = -d**3 - 9*d**2 - 9*d + 6. Let g be c(-6). Let s = g + 48. Determine x(s).
-6
Let k be 0/(28/(-35)*-5). Let g(c) = c - 6. What is g(k)?
-6
Let c(a) = 14*a**2 - 588*a + 1. Let g be c(42). Let u(p) = -13*p**2 + 2*p - 1. Give u(g).
-12
Let o(s) = s**3 - 6*s**2 - 6*s - 6. Suppose -2*u - 4*f + 70 = 0, -4*u + f = 5*f - 148. Let j = 66 - u. Suppose -m + t + 5 = -4, j = 5*m + 4*t. What is o(m)?
1
Let w(y) = -24 - 21 + y**3 - 6*y + 44 + 3*y. Determine w(-2).
-3
Let h(t) be the third derivative of -t**5/60 - t**4/4 + 3*t**3/2 - t**2. Let k be h(-7). Let i(q) = 5*q - 3. What is i(k)?
7
Let l(s) = -s**3 - 3 + 1 + 1 - 7*s + 7*s**2. Suppose -r = r - 3*c - 30, -c = -4*r + 60. Let p be r - 6 - (-3 - (-12)/2). Determine l(p).
-7
Let h(w) = -16*w - 13. Let x(l) = 34*l + 28. Let z(b) = -13*h(b) - 6*x(b). Calculate z(-7).
-27
Let r(j) = -j**3 + 6*j**2 + 7*j + 3. Let f be r(7). Let z(s) = -6*s**2 - 33*s + f - s**3 + 2*s**2 + 39*s. Let b = -26 + 21. What is z(b)?
-2
Let u(i) = -2*i. Let k = 117 - 31. Let g = k - 85. Determine u(g).
-2
Let p be (-4)/(-6) - (-16)/(-6). Let b(u) be the third derivative of u**5/60 + u**4/24 + u**3/3 + 74*u**2. What is b(p)?
4
Let i(s) = -7 + 2 + 2*s - 4*s. Suppose 21*l = -l - 88. Give i(l).
3
Let g(d) be the third derivative of d**4/24 + 10*d**3/3 + 511*d**2. Calculate g(-16).
4
Suppose 5*d - 3*d + 6 = 0. Let i(b) be the first derivative of b**4/4 + 5*b**3/3 + 5*b**2/2 + 2*b - 7. Calculate i(d).
5
Let a(t) = -t**3 - 26*t**2 - 46*t + 45. Let f be a(-24). Let p(d) = d**3 + 2*d**2 - 2*d - 2. Calculate p(f).
-5
Let l = 548 + -552. Let a(y) = y**2 + 2*y - 3. Give a(l).
5
Let q(g) = 2*g**2 - 6*g + 3. Suppose 7*l + 289 = 317. Give q(l).
11
Suppose 0 = -0*m - 6*m + 30. Suppose 36 = -m*y + 6. Let z(i) = i**3 + 12*i**2 + 4 - 3*i**2 + 6*i - 2*i**2. Determine z(y).
4
Suppose -3*c + 0*p - 2*p + 36 = 0, -2*c + p + 17 = 0. Let t(u) = -8*u**3 + 3*u**2 - 4*u + c*u**3 - 3*u**3 - 3 + 3*u**2. Calculate t(4).
13
Suppose 5*x - 10 = 3*k, 5 + 11 = -x - 3*k. Let h(b) = 1 - 16*b + 4 - 6. What is h(x)?
15
Let n(g) = -g**2 - g - 1. Let l(s) = 4 + 6*s - 2*s - 2*s + 5*s. Let y(o) = -l(o) - 5*n(o). Calculate y(1).
4
Suppose 2*w + 0*w - 16 = 0. Let r(b) = -w*b**2 + b**3 + 32 - 16 + 6*b + 0*b - 6. Calculate r(7).
3
Suppose 0 = -c + 3*a - 7, 3*a = -c - 7 - 0. Let i(x) = -8*x - 51. Determine i(c).
5
Let q = 108 + -63. Suppose -13*d + 8*d + q = 0. Let i(r) = 2*r + d + r + 3*r + r**2. Calculate i(-6).
9
Let j(a) = 294*a**3 + 113*a**2 - 106*a - 71. Let y(x) = -41*x**3 - 16*x**2 + 15*x + 10. Let p(z) = 6*j(z) + 43*y(z). Let h be (-5)/(10/4) - -11. Calculate p(h).
4
Let b(s) be the third derivative of -s**6/120 + 3*s**5/20 + 2*s**3/3 + 16*s**2. Let q be b(9). Let d(f) = -f**3 + 5*f**2 - 5*f + 2. Determine d(q).
-2
Let b(i) = -3*i**2 - 6*i - 3. Let w = 164 - 166. Determine b(w).
-3
Let u(j) be the first derivative of -j**4/4 - 4*j**3/3 + 2*j**2 - 7*j + 3. Let y(i) = -i**3 + 11*i**2 - 17*i - 49. Let o be y(4). Calculate u(o).
-2
Let y be (-2)/(-6)*(-4 + 25). Let t(l) = -9*l**3 + 12*l**2 + 2*l + 3. Let f(u) = -4*u**3 + 6*u**2 + u + 1. Let i(j) = y*f(j) - 3*t(j). What is i(6)?
4
Let o(b) = -6*b - 6. Suppose -8 = 3*i + 10. Let u(g) = 1. Suppose -5*d = -6 + 11. Let r(n) = d*o(n) + i*u(n). What is r(-1)?
-6
Let f(p) = p**3 + 5*p**2 - 1. Suppose -9 - 21 = -6*m. Suppose -5*z - 29 = -v, -3*z = -8*z + m*v - 45. Give f(z).
-1
Let o(m) = -1 + 5 - m - 1 + 0*m. Let z = -2144 + 2151. Calculate o(z).
-4
Let x(v) = -v**3 - 5*v**2 + 7*v + 5. Let w = 24 + -17. Suppose -s - 5*d + w = 3, 3*s - 3*d + 24 = 0. What is x(s)?
-1
Let o(m) = 2*m - 9. Let z(c) be the first derivative of c**2/2 - 12*c + 17. Let w be z(18). What is o(w)?
3
Let c(a) = a**3 + 9*a**2 - 2*a + 12. Let q(f) = -f**3 - 8*f**2 + f - 11. Suppose -11 = -16*v + 53. Let u(l) = v*c(l) + 5*q(l). Give u(-5).
33
Suppose -3*l = 12, 1 